{"id":138,"date":"2022-11-24T10:51:15","date_gmt":"2022-11-24T09:51:15","guid":{"rendered":"https:\/\/mlmorlaix.wordpress.com\/?page_id=138"},"modified":"2026-01-16T11:42:05","modified_gmt":"2026-01-16T10:42:05","slug":"formation","status":"publish","type":"page","link":"http:\/\/www.mission-locale-morlaix.fr\/index.php\/espace-jeune\/formation\/","title":{"rendered":"FORMATION"},"content":{"rendered":"\n<div class=\"wp-block-query is-layout-flow wp-block-query-is-layout-flow\"><ul class=\"columns-2 wp-block-post-template is-layout-grid wp-container-core-post-template-is-layout-f12a65ed wp-block-post-template-is-layout-grid\"><li class=\"wp-block-post post-2862 page type-page status-publish hentry entry\">\n\n<div class=\"wp-block-group\" style=\"padding-top:30px;padding-right:30px;padding-bottom:30px;padding-left:30px\"><div class=\"wp-block-group__inner-container is-layout-flow wp-block-group-is-layout-flow\"><h2 class=\"wp-block-post-title\"><a href=\"http:\/\/www.mission-locale-morlaix.fr\/index.php\/espace-jeune\/formation\/je-souhaite-me-qualifier\/\" target=\"_blank\" >Je souhaite me qualifier<\/a><\/h2>\n\n<div class=\"wp-block-post-excerpt\"><p class=\"wp-block-post-excerpt__excerpt\">J&rsquo;ai valid\u00e9 un projet : Que vous soyez demandeur d&#8217;emploi ou salari\u00e9, vous pouvez b\u00e9n\u00e9ficier de la formation continue. Votre\u2026 <\/p><\/div><\/div><\/div>\n\n<\/li><li class=\"wp-block-post post-2859 page type-page status-publish hentry entry\">\n\n<div class=\"wp-block-group\" style=\"padding-top:30px;padding-right:30px;padding-bottom:30px;padding-left:30px\"><div class=\"wp-block-group__inner-container is-layout-flow wp-block-group-is-layout-flow\"><h2 class=\"wp-block-post-title\"><a href=\"http:\/\/www.mission-locale-morlaix.fr\/index.php\/espace-jeune\/formation\/je-veux-reflechir-a-mon-avenir\/\" target=\"_blank\" >Je veux r\u00e9fl\u00e9chir \u00e0 mon avenir<\/a><\/h2>\n\n<div class=\"wp-block-post-excerpt\"><p class=\"wp-block-post-excerpt__excerpt\">Je veux r\u00e9fl\u00e9chir \u00e0 mon avenir professionnel ou changer d&rsquo;orientation. Je ne sais pas quoi faire, j&rsquo;ai une id\u00e9e, j&rsquo;aimerai\u2026 <\/p><\/div><\/div><\/div>\n\n<\/li><\/ul><\/div>\n\n\n\n<figure class=\"wp-block-image size-large\"><img loading=\"lazy\" decoding=\"async\" width=\"1024\" height=\"102\" src=\"https:\/\/www.mission-locale-morlaix.fr\/wp-content\/uploads\/2025\/12\/Bandes-charte-1-1-1024x102.png\" alt=\"\" class=\"wp-image-3478\" srcset=\"http:\/\/www.mission-locale-morlaix.fr\/wp-content\/uploads\/2025\/12\/Bandes-charte-1-1-1024x102.png 1024w, http:\/\/www.mission-locale-morlaix.fr\/wp-content\/uploads\/2025\/12\/Bandes-charte-1-1-300x30.png 300w, http:\/\/www.mission-locale-morlaix.fr\/wp-content\/uploads\/2025\/12\/Bandes-charte-1-1-768x77.png 768w, http:\/\/www.mission-locale-morlaix.fr\/wp-content\/uploads\/2025\/12\/Bandes-charte-1-1-1536x154.png 1536w, http:\/\/www.mission-locale-morlaix.fr\/wp-content\/uploads\/2025\/12\/Bandes-charte-1-1-2048x205.png 2048w, http:\/\/www.mission-locale-morlaix.fr\/wp-content\/uploads\/2025\/12\/Bandes-charte-1-1-1568x157.png 1568w\" sizes=\"auto, (max-width: 1024px) 100vw, 1024px\" \/><\/figure>\n\n\n\n<h2 class=\"wp-block-heading has-text-color has-link-color wp-elements-60f0ade980e945ee041284e7a8f37ef8\" style=\"color:#8c195b\"><strong>Actualit\u00e9 Formation<\/strong><\/h2>\n\n\n\n<div class=\"wp-block-query is-layout-flow wp-block-query-is-layout-flow\"><ul class=\"wp-block-post-template is-layout-flow wp-block-post-template-is-layout-flow\"><li class=\"wp-block-post post-936 post type-post status-publish format-standard has-post-thumbnail hentry category-dernieres-actualiteformation tag-centre-dinteret tag-cleor tag-competence tag-elaboration-de-projet tag-formation tag-gref-bretagne tag-metier tag-projet-professionnel tag-secteur-dactivite tag-spro entry\">\n\n<div class=\"wp-block-columns are-vertically-aligned-top is-layout-flex wp-container-core-columns-is-layout-28f84493 wp-block-columns-is-layout-flex\">\n<div class=\"wp-block-column is-vertically-aligned-top is-layout-flow wp-block-column-is-layout-flow\" style=\"flex-basis:75%\"><h2 style=\"color:#a3195b;\" class=\"has-link-color wp-elements-36671f2843a03bcf366e884576c8358b wp-block-post-title has-text-color\"><a href=\"http:\/\/www.mission-locale-morlaix.fr\/index.php\/2019\/11\/07\/cleor-bretagne\/\" target=\"_self\" >Cl\u00e9or Bretagne<\/a><\/h2>\n\n<div class=\"wp-block-post-excerpt\"><p class=\"wp-block-post-excerpt__excerpt\">Outil innovant d\u2019information sur les m\u00e9tiers, au service du public et des professionnels du SPRO-EP, Cl\u00e9or facilite les d\u00e9marches d\u2019\u00e9laboration du projet professionnel. <\/p><\/div><\/div>\n\n\n\n<div class=\"wp-block-column is-vertically-aligned-top is-layout-flow wp-block-column-is-layout-flow\" style=\"flex-basis:25%\"><figure class=\"wp-block-post-featured-image\"><a href=\"http:\/\/www.mission-locale-morlaix.fr\/index.php\/2019\/11\/07\/cleor-bretagne\/\" target=\"_self\"  ><img loading=\"lazy\" decoding=\"async\" width=\"661\" height=\"332\" src=\"http:\/\/www.mission-locale-morlaix.fr\/wp-content\/uploads\/2019\/11\/CLEOR-Bretagne.png\" class=\"attachment-post-thumbnail size-post-thumbnail wp-post-image\" alt=\"Cl\u00e9or Bretagne\" style=\"object-fit:cover;\" srcset=\"http:\/\/www.mission-locale-morlaix.fr\/wp-content\/uploads\/2019\/11\/CLEOR-Bretagne.png 661w, http:\/\/www.mission-locale-morlaix.fr\/wp-content\/uploads\/2019\/11\/CLEOR-Bretagne-300x151.png 300w\" sizes=\"auto, (max-width: 661px) 100vw, 661px\" \/><\/a><\/figure><\/div>\n<\/div>\n\n<\/li><li class=\"wp-block-post post-1089 post type-post status-publish format-standard has-post-thumbnail hentry category-dernieres-actualiteformation tag-apprentissage tag-former-en-alternance tag-ifac tag-mercredi tag-metier entry\">\n\n<div class=\"wp-block-columns are-vertically-aligned-top is-layout-flex wp-container-core-columns-is-layout-28f84493 wp-block-columns-is-layout-flex\">\n<div class=\"wp-block-column is-vertically-aligned-top is-layout-flow wp-block-column-is-layout-flow\" style=\"flex-basis:75%\"><h2 style=\"color:#a3195b;\" class=\"has-link-color wp-elements-36671f2843a03bcf366e884576c8358b wp-block-post-title has-text-color\"><a href=\"http:\/\/www.mission-locale-morlaix.fr\/index.php\/2019\/06\/01\/mercredis-apprentissage\/\" target=\"_self\" >Les Mercredis de l&rsquo;Apprentissage<\/a><\/h2>\n\n<div class=\"wp-block-post-excerpt\"><p class=\"wp-block-post-excerpt__excerpt\">Les Mercredis de l&rsquo;apprentissage s&rsquo;ouvrent \u00e0 toute personne cherchant de l&rsquo;information sur l&rsquo;alternance et nos formations <\/p><\/div><\/div>\n\n\n\n<div class=\"wp-block-column is-vertically-aligned-top is-layout-flow wp-block-column-is-layout-flow\" style=\"flex-basis:25%\"><figure class=\"wp-block-post-featured-image\"><a href=\"http:\/\/www.mission-locale-morlaix.fr\/index.php\/2019\/06\/01\/mercredis-apprentissage\/\" target=\"_self\"  ><img loading=\"lazy\" decoding=\"async\" width=\"382\" height=\"260\" src=\"http:\/\/www.mission-locale-morlaix.fr\/wp-content\/uploads\/2019\/06\/Les-Mercredis-de-lapprentissage.png\" class=\"attachment-post-thumbnail size-post-thumbnail wp-post-image\" alt=\"Les Mercredis de l&rsquo;Apprentissage\" style=\"object-fit:cover;\" srcset=\"http:\/\/www.mission-locale-morlaix.fr\/wp-content\/uploads\/2019\/06\/Les-Mercredis-de-lapprentissage.png 382w, http:\/\/www.mission-locale-morlaix.fr\/wp-content\/uploads\/2019\/06\/Les-Mercredis-de-lapprentissage-300x204.png 300w\" sizes=\"auto, (max-width: 382px) 100vw, 382px\" \/><\/a><\/figure><\/div>\n<\/div>\n\n<\/li><\/ul><\/div>\n","protected":false},"excerpt":{"rendered":"<p>Actualit\u00e9 Formation<\/p>\n","protected":false},"author":1,"featured_media":3659,"parent":42,"menu_order":0,"comment_status":"closed","ping_status":"closed","template":"","meta":{"footnotes":""},"class_list":["post-138","page","type-page","status-publish","has-post-thumbnail","hentry","entry"],"_links":{"self":[{"href":"http:\/\/www.mission-locale-morlaix.fr\/index.php\/wp-json\/wp\/v2\/pages\/138","targetHints":{"allow":["GET"]}}],"collection":[{"href":"http:\/\/www.mission-locale-morlaix.fr\/index.php\/wp-json\/wp\/v2\/pages"}],"about":[{"href":"http:\/\/www.mission-locale-morlaix.fr\/index.php\/wp-json\/wp\/v2\/types\/page"}],"author":[{"embeddable":true,"href":"http:\/\/www.mission-locale-morlaix.fr\/index.php\/wp-json\/wp\/v2\/users\/1"}],"replies":[{"embeddable":true,"href":"http:\/\/www.mission-locale-morlaix.fr\/index.php\/wp-json\/wp\/v2\/comments?post=138"}],"version-history":[{"count":20,"href":"http:\/\/www.mission-locale-morlaix.fr\/index.php\/wp-json\/wp\/v2\/pages\/138\/revisions"}],"predecessor-version":[{"id":3736,"href":"http:\/\/www.mission-locale-morlaix.fr\/index.php\/wp-json\/wp\/v2\/pages\/138\/revisions\/3736"}],"up":[{"embeddable":true,"href":"http:\/\/www.mission-locale-morlaix.fr\/index.php\/wp-json\/wp\/v2\/pages\/42"}],"wp:featuredmedia":[{"embeddable":true,"href":"http:\/\/www.mission-locale-morlaix.fr\/index.php\/wp-json\/wp\/v2\/media\/3659"}],"wp:attachment":[{"href":"http:\/\/www.mission-locale-morlaix.fr\/index.php\/wp-json\/wp\/v2\/media?parent=138"}],"curies":[{"name":"wp","href":"https:\/\/api.w.org\/{rel}","templated":true}]}}