{"id":234,"date":"2022-11-24T15:01:34","date_gmt":"2022-11-24T14:01:34","guid":{"rendered":"https:\/\/mlmorlaix.wordpress.com\/?page_id=234"},"modified":"2025-12-16T16:29:23","modified_gmt":"2025-12-16T15:29:23","slug":"je-recherche-de-linformation","status":"publish","type":"page","link":"http:\/\/www.mission-locale-morlaix.fr\/index.php\/espace-jeune\/emploi\/je-recherche-de-linformation\/","title":{"rendered":"Je recherche de l&rsquo;information"},"content":{"rendered":"\n<p><strong>Sur les contrats <\/strong><\/p>\n\n\n\n<ul class=\"wp-block-list\">\n<li>Contrat \u00e0 Dur\u00e9e D\u00e9termin\u00e9 (<em><strong><a href=\"http:\/\/travail-emploi.gouv.fr\/droit-du-travail\/contrats-et-carriere\/contrats-de-travail\/article\/le-contrat-a-duree-determinee-cdd\" target=\"_blank\" rel=\"noreferrer noopener\">CDD<\/a><\/strong><\/em>), Contrat \u00e0 Dur\u00e9e Ind\u00e9termin\u00e9 (<em><strong><a href=\"https:\/\/travail-emploi.gouv.fr\/le-contrat-de-travail-duree-indeterminee-cdi\" target=\"_blank\" rel=\"noreferrer noopener\">CDI<\/a><\/strong><\/em>)<\/li>\n\n\n\n<li>Parcours Emploi Comp\u00e9tences&nbsp;(<em><strong><a href=\"http:\/\/travail-emploi.gouv.fr\/emploi\/parcours-emploi-competences\/\" target=\"_blank\" rel=\"noreferrer noopener\">PEC<\/a><\/strong><\/em>)<\/li>\n\n\n\n<li><a href=\"http:\/\/travail-emploi.gouv.fr\/formation-professionnelle\/se-former-en-alternance\/article\/tout-comprendre-de-l-alternance\" target=\"_blank\" rel=\"noreferrer noopener\"><em><strong>Contrats en alternance<\/strong><\/em><\/a><\/li>\n\n\n\n<li><a href=\"https:\/\/www.service-civique.gouv.fr\/\" target=\"_blank\" rel=\"noreferrer noopener\"><em><strong>Service civique<\/strong><\/em><\/a><\/li>\n<\/ul>\n\n\n\n<p><strong>Sur le bassin d\u2019emploi <\/strong><\/p>\n\n\n\n<ul class=\"wp-block-list\">\n<li>Informations collectives, Forums, Salons<\/li>\n<\/ul>\n\n\n\n<p><\/p>\n","protected":false},"excerpt":{"rendered":"<p>Sur les contrats Sur le bassin d\u2019emploi<\/p>\n","protected":false},"author":1,"featured_media":0,"parent":126,"menu_order":0,"comment_status":"closed","ping_status":"closed","template":"","meta":{"footnotes":""},"class_list":["post-234","page","type-page","status-publish","hentry","entry"],"_links":{"self":[{"href":"http:\/\/www.mission-locale-morlaix.fr\/index.php\/wp-json\/wp\/v2\/pages\/234","targetHints":{"allow":["GET"]}}],"collection":[{"href":"http:\/\/www.mission-locale-morlaix.fr\/index.php\/wp-json\/wp\/v2\/pages"}],"about":[{"href":"http:\/\/www.mission-locale-morlaix.fr\/index.php\/wp-json\/wp\/v2\/types\/page"}],"author":[{"embeddable":true,"href":"http:\/\/www.mission-locale-morlaix.fr\/index.php\/wp-json\/wp\/v2\/users\/1"}],"replies":[{"embeddable":true,"href":"http:\/\/www.mission-locale-morlaix.fr\/index.php\/wp-json\/wp\/v2\/comments?post=234"}],"version-history":[{"count":2,"href":"http:\/\/www.mission-locale-morlaix.fr\/index.php\/wp-json\/wp\/v2\/pages\/234\/revisions"}],"predecessor-version":[{"id":3430,"href":"http:\/\/www.mission-locale-morlaix.fr\/index.php\/wp-json\/wp\/v2\/pages\/234\/revisions\/3430"}],"up":[{"embeddable":true,"href":"http:\/\/www.mission-locale-morlaix.fr\/index.php\/wp-json\/wp\/v2\/pages\/126"}],"wp:attachment":[{"href":"http:\/\/www.mission-locale-morlaix.fr\/index.php\/wp-json\/wp\/v2\/media?parent=234"}],"curies":[{"name":"wp","href":"https:\/\/api.w.org\/{rel}","templated":true}]}}