{"id":46,"date":"2022-11-17T14:50:48","date_gmt":"2022-11-17T13:50:48","guid":{"rendered":"https:\/\/mlmorlaix.wordpress.com\/?page_id=46"},"modified":"2026-01-15T13:45:36","modified_gmt":"2026-01-15T12:45:36","slug":"espace-entreprise","status":"publish","type":"page","link":"http:\/\/www.mission-locale-morlaix.fr\/index.php\/espace-entreprise\/","title":{"rendered":"ESPACE ENTREPRISE"},"content":{"rendered":"\n<p><strong>Nos conseillers emploi accompagnent votre entreprise pour vous aider \u00e0 r\u00e9ussir l&rsquo;int\u00e9gration d&rsquo;un jeune dans vos \u00e9quipes.<\/strong><\/p>\n\n\n\n<div class=\"wp-block-query is-layout-flow wp-block-query-is-layout-flow\"><ul class=\"columns-2 alignfull wp-block-post-template is-layout-grid wp-container-core-post-template-is-layout-02493678 wp-block-post-template-is-layout-grid\"><li class=\"wp-block-post post-238 page type-page status-publish has-post-thumbnail hentry entry\">\n\n<div class=\"wp-block-group\" style=\"padding-top:30px;padding-right:30px;padding-bottom:30px;padding-left:30px\"><div class=\"wp-block-group__inner-container is-layout-flow wp-block-group-is-layout-flow\"><h2 style=\"color:#2897d5;\" class=\"has-link-color wp-elements-3a21bb0fde685356c01f2b472f793966 wp-block-post-title has-text-color\"><a href=\"http:\/\/www.mission-locale-morlaix.fr\/index.php\/espace-entreprise\/__trashed-2__trashed\/\" target=\"_self\" >Je souhaite \u00eatre partenaire de la Mission Locale<\/a><\/h2>\n\n<figure class=\"wp-block-post-featured-image\"><img loading=\"lazy\" decoding=\"async\" width=\"431\" height=\"188\" src=\"http:\/\/www.mission-locale-morlaix.fr\/wp-content\/uploads\/2026\/01\/Je-souhaite-etre-partenaire.png\" class=\"attachment-post-thumbnail size-post-thumbnail wp-post-image\" alt=\"\" style=\"object-fit:cover;\" srcset=\"http:\/\/www.mission-locale-morlaix.fr\/wp-content\/uploads\/2026\/01\/Je-souhaite-etre-partenaire.png 431w, http:\/\/www.mission-locale-morlaix.fr\/wp-content\/uploads\/2026\/01\/Je-souhaite-etre-partenaire-300x131.png 300w\" sizes=\"auto, (max-width: 431px) 100vw, 431px\" \/><\/figure>\n\n<div class=\"wp-block-post-excerpt\"><p class=\"wp-block-post-excerpt__excerpt\">La Mission Locale est \u00e9galement partenaire d\u2019\u00e9v\u00e9nements sur le bassin d\u2019emploi tels \u00ab\u00a0le forum de l\u2019alternance\u00a0\u00bb, les rencontres de l&#8217;emploi\u2026 <\/p><\/div><\/div><\/div>\n\n<\/li><li class=\"wp-block-post post-244 page type-page status-publish has-post-thumbnail hentry entry\">\n\n<div class=\"wp-block-group\" style=\"padding-top:30px;padding-right:30px;padding-bottom:30px;padding-left:30px\"><div class=\"wp-block-group__inner-container is-layout-flow wp-block-group-is-layout-flow\"><h2 style=\"color:#2897d5;\" class=\"has-link-color wp-elements-3a21bb0fde685356c01f2b472f793966 wp-block-post-title has-text-color\"><a href=\"http:\/\/www.mission-locale-morlaix.fr\/index.php\/espace-entreprise\/je-souhaite-faire-connaitre-mes-activites\/\" target=\"_self\" >Je souhaite faire conna\u00eetre mes activit\u00e9s<\/a><\/h2>\n\n<figure class=\"wp-block-post-featured-image\"><img loading=\"lazy\" decoding=\"async\" width=\"471\" height=\"497\" src=\"http:\/\/www.mission-locale-morlaix.fr\/wp-content\/uploads\/2026\/01\/Farie-connaitre-ses-activites.png\" class=\"attachment-post-thumbnail size-post-thumbnail wp-post-image\" alt=\"\" style=\"object-fit:cover;\" srcset=\"http:\/\/www.mission-locale-morlaix.fr\/wp-content\/uploads\/2026\/01\/Farie-connaitre-ses-activites.png 471w, http:\/\/www.mission-locale-morlaix.fr\/wp-content\/uploads\/2026\/01\/Farie-connaitre-ses-activites-284x300.png 284w\" sizes=\"auto, (max-width: 471px) 100vw, 471px\" \/><\/figure>\n\n<div class=\"wp-block-post-excerpt\"><p class=\"wp-block-post-excerpt__excerpt\">Votre secteur est peut-\u00eatre peu ou mal investi par les jeunes, la faute \u00e0 un d\u00e9ficit d\u2019image ou des repr\u00e9sentations\u2026 <\/p><\/div><\/div><\/div>\n\n<\/li><li class=\"wp-block-post post-155 page type-page status-publish has-post-thumbnail hentry entry\">\n\n<div class=\"wp-block-group\" style=\"padding-top:30px;padding-right:30px;padding-bottom:30px;padding-left:30px\"><div class=\"wp-block-group__inner-container is-layout-flow wp-block-group-is-layout-flow\"><h2 style=\"color:#2897d5;\" class=\"has-link-color wp-elements-3a21bb0fde685356c01f2b472f793966 wp-block-post-title has-text-color\"><a href=\"http:\/\/www.mission-locale-morlaix.fr\/index.php\/espace-entreprise\/je-souhaite-former\/\" target=\"_self\" >Je souhaite former<\/a><\/h2>\n\n<figure class=\"wp-block-post-featured-image\"><img loading=\"lazy\" decoding=\"async\" width=\"442\" height=\"356\" src=\"http:\/\/www.mission-locale-morlaix.fr\/wp-content\/uploads\/2026\/01\/Je-souhaite-former-1.png\" class=\"attachment-post-thumbnail size-post-thumbnail wp-post-image\" alt=\"\" style=\"object-fit:cover;\" srcset=\"http:\/\/www.mission-locale-morlaix.fr\/wp-content\/uploads\/2026\/01\/Je-souhaite-former-1.png 442w, http:\/\/www.mission-locale-morlaix.fr\/wp-content\/uploads\/2026\/01\/Je-souhaite-former-1-300x242.png 300w\" sizes=\"auto, (max-width: 442px) 100vw, 442px\" \/><\/figure>\n\n<div class=\"wp-block-post-excerpt\"><p class=\"wp-block-post-excerpt__excerpt\">Nous accompagnons les employeurs qui souhaitent former et recruter des jeunes dans le cadre de parcours s\u00e9curis\u00e9s et adapt\u00e9s \u00e0\u2026 <\/p><\/div><\/div><\/div>\n\n<\/li><li class=\"wp-block-post post-139 page type-page status-publish has-post-thumbnail hentry entry\">\n\n<div class=\"wp-block-group\" style=\"padding-top:30px;padding-right:30px;padding-bottom:30px;padding-left:30px\"><div class=\"wp-block-group__inner-container is-layout-flow wp-block-group-is-layout-flow\"><h2 style=\"color:#2897d5;\" class=\"has-link-color wp-elements-3a21bb0fde685356c01f2b472f793966 wp-block-post-title has-text-color\"><a href=\"http:\/\/www.mission-locale-morlaix.fr\/index.php\/espace-entreprise\/je-souhaite-recruter\/\" target=\"_self\" >Je souhaite recruter<\/a><\/h2>\n\n<figure class=\"wp-block-post-featured-image\"><img loading=\"lazy\" decoding=\"async\" width=\"710\" height=\"187\" src=\"http:\/\/www.mission-locale-morlaix.fr\/wp-content\/uploads\/2026\/01\/Je-souhaite-recruter.png\" class=\"attachment-post-thumbnail size-post-thumbnail wp-post-image\" alt=\"\" style=\"object-fit:cover;\" srcset=\"http:\/\/www.mission-locale-morlaix.fr\/wp-content\/uploads\/2026\/01\/Je-souhaite-recruter.png 710w, http:\/\/www.mission-locale-morlaix.fr\/wp-content\/uploads\/2026\/01\/Je-souhaite-recruter-300x79.png 300w\" sizes=\"auto, (max-width: 710px) 100vw, 710px\" \/><\/figure>\n\n<div class=\"wp-block-post-excerpt\"><p class=\"wp-block-post-excerpt__excerpt\">Nous accompagnons les employeurs dans leurs besoins de recrutement, en facilitant la mise en relation avec des jeunes motiv\u00e9s, accompagn\u00e9s\u2026 <\/p><\/div><\/div><\/div>\n\n<\/li><\/ul><\/div>\n","protected":false},"excerpt":{"rendered":"<p>Nos conseillers emploi accompagnent votre entreprise pour vous aider \u00e0 r\u00e9ussir l&rsquo;int\u00e9gration d&rsquo;un jeune dans vos \u00e9quipes.<\/p>\n","protected":false},"author":1,"featured_media":0,"parent":0,"menu_order":0,"comment_status":"closed","ping_status":"closed","template":"","meta":{"footnotes":""},"class_list":["post-46","page","type-page","status-publish","hentry","entry"],"_links":{"self":[{"href":"http:\/\/www.mission-locale-morlaix.fr\/index.php\/wp-json\/wp\/v2\/pages\/46","targetHints":{"allow":["GET"]}}],"collection":[{"href":"http:\/\/www.mission-locale-morlaix.fr\/index.php\/wp-json\/wp\/v2\/pages"}],"about":[{"href":"http:\/\/www.mission-locale-morlaix.fr\/index.php\/wp-json\/wp\/v2\/types\/page"}],"author":[{"embeddable":true,"href":"http:\/\/www.mission-locale-morlaix.fr\/index.php\/wp-json\/wp\/v2\/users\/1"}],"replies":[{"embeddable":true,"href":"http:\/\/www.mission-locale-morlaix.fr\/index.php\/wp-json\/wp\/v2\/comments?post=46"}],"version-history":[{"count":10,"href":"http:\/\/www.mission-locale-morlaix.fr\/index.php\/wp-json\/wp\/v2\/pages\/46\/revisions"}],"predecessor-version":[{"id":3645,"href":"http:\/\/www.mission-locale-morlaix.fr\/index.php\/wp-json\/wp\/v2\/pages\/46\/revisions\/3645"}],"wp:attachment":[{"href":"http:\/\/www.mission-locale-morlaix.fr\/index.php\/wp-json\/wp\/v2\/media?parent=46"}],"curies":[{"name":"wp","href":"https:\/\/api.w.org\/{rel}","templated":true}]}}