{"id":3773,"date":"2026-02-13T10:23:08","date_gmt":"2026-02-13T09:23:08","guid":{"rendered":"https:\/\/www.mission-locale-morlaix.fr\/?page_id=3773"},"modified":"2026-02-16T17:23:34","modified_gmt":"2026-02-16T16:23:34","slug":"protection-des-donnees-personnelles","status":"publish","type":"page","link":"https:\/\/www.mission-locale-morlaix.fr\/index.php\/mentions-legales\/protection-des-donnees-personnelles\/","title":{"rendered":"Protection des Donn\u00e9es Personnelles"},"content":{"rendered":"\n<p class=\"has-text-align-left has-primary-color has-text-color has-link-color wp-elements-b7f141d27917aceb5d578e3c59bb521e\"><strong>La Mission Locale du Pays de Morlaix accorde une grande importance \u00e0 la protection des donn\u00e9es personnelles et s&rsquo;engage \u00e0 ce que la collecte et le traitement de vos donn\u00e9es soient conformes au r\u00e8glement g\u00e9n\u00e9ral sur la protection des donn\u00e9es (RGPD) et \u00e0 la loi Informatique et Libert\u00e9s.<\/strong><\/p>\n\n\n\n<p>Conform\u00e9ment \u00e0 la l\u00e9gislation RGPD, vous disposez d&rsquo;un droit d&rsquo;acc\u00e8s, de modification et de suppression de vos donn\u00e9es personnelles en utilisant l&rsquo;adresse email : <a href=\"mailto:contact@mlpm29.org\"><strong>contact@mlpm29.org<\/strong><\/a><strong><u><\/u><\/strong><\/p>\n\n\n\n<p><strong>Pour<\/strong> <strong>plus<\/strong> <strong>d&rsquo;informations<\/strong> <strong>sur vos droits<\/strong> : <a href=\"https:\/\/cnil.fr\/fr\" target=\"_blank\" rel=\"noreferrer noopener\"><strong>CNIL<\/strong><\/a><\/p>\n\n\n\n<h2 class=\"wp-block-heading has-primary-color has-text-color has-link-color wp-elements-127bcda5f8d14eb60b80789c3a775648\">Donn\u00e9es collect\u00e9es dans le cadre de votre inscription \u00e0 la Mission Locale du Pays de Morlaix<\/h2>\n\n\n\n<p>En vous inscrivant \u00e0 la Mission locale, vous consentez et acceptez le fait que les informations collect\u00e9es dans le logiciel I-Milo vous concernant, puissent \u00eatre utilis\u00e9es et divulgu\u00e9es conform\u00e9ment \u00e0 notre Politique de Gestion des donn\u00e9es personnelles.<\/p>\n\n\n\n<p>Le traitement de vos donn\u00e9es s&rsquo;appuie sur le D\u00e9cret n\u00b02015-59 du 26 janvier 2015 autorisant un traitement automatis\u00e9 de donn\u00e9es \u00e0 caract\u00e8re personnel relatif \u00e0 l&rsquo;accompagnement des jeunes pour l&rsquo;acc\u00e8s \u00e0 l&#8217;emploi et nomm\u00e9<\/p>\n\n\n\n<p class=\"has-primary-color has-text-color has-link-color has-large-font-size wp-elements-13c73f0065a0f803a76fe4fb5fb5950e\">\u00ab I-Milo \u00bb<\/p>\n\n\n\n<p>Certaines donn\u00e9es n\u00e9cessaires \u00e0 l&rsquo;inscription \u00e2 la Mission Locale sont notamment vos nom et pr\u00e9nom, adresse, date de naissance, num\u00e9ro de t\u00e9l\u00e9phone, justificatif d&rsquo;identit\u00e9. Ces informations sont obligatoires, sans ces informations vous ne pourrez pas \u00eatre consid\u00e9r\u00e9 comme inscrit (d\u00e9cret n\u00b02021-634 du 21 mai 2021 et l&rsquo;arr\u00eat\u00e9 du 17 novembre 2021).<\/p>\n\n\n\n<p>I-Milo est le syst\u00e8me d&rsquo;information sur lequel sont saisies les informations que vous donnez, ainsi que les diff\u00e9rentes activit\u00e9s que la Mission Locale m\u00e8ne aupr\u00e8s de vous. Ce logiciel favorise un accompagnement personnalis\u00e9 selon vos besoins. Il permet \u00e9galement d&rsquo;\u00e9tablir des statistiques sur les besoins des jeunes et sur l&rsquo;activit\u00e9 de la Mission Locale du pays de Morlaix. I-Milo a naturellement \u00e9t\u00e9 d\u00e9clar\u00e9 \u00e0 la CNIL, Commission Nationale de l&rsquo;informatique et des Libert\u00e9s. (D\u00e9lib\u00e9ration n\u00b02014-466 du 20 novembre 2014).<\/p>\n\n\n\n<h2 class=\"wp-block-heading has-primary-color has-text-color has-link-color wp-elements-1e520dafcc3143d60f07112e4494982d\">Utilisateurs de vos donn\u00e9es personnelles dans I-Milo<\/h2>\n\n\n\n<p>Toutes les personnes ayant acc\u00e8s \u00e0 vos donn\u00e9es \u00e0 caract\u00e8re personnel sont tenues par une obligation de confidentialit\u00e9 et s&rsquo;exposent \u00e0 des sanctions si elles ne respectent pas ces obligations.<\/p>\n\n\n\n<p>Vos donn\u00e9es personnelles sont conserv\u00e9es jusqu&rsquo;\u00e0 vos 26 ans.<\/p>\n\n\n\n<h2 class=\"wp-block-heading has-primary-color has-text-color has-link-color wp-elements-47802214eb60f4b18ff4cafc4b09c479\">Obligations des utilisateurs de I-Milo<\/h2>\n\n\n\n<p>Les utilisateurs de I-Milo s&rsquo;engagent \u00e0 :<\/p>\n\n\n\n<ul class=\"wp-block-list\">\n<li>Ne divulguer aucune donn\u00e9e personnelle \u00e4 laquelle ils auraient eu acc\u00e8s via le syst\u00e8me d&rsquo;information<\/li>\n\n\n\n<li>Faire preuve de bonne foi dans l&rsquo;utilisation de la solution I-Milo<\/li>\n\n\n\n<li>Ce que l&rsquo;utilisation du syst\u00e8me d&rsquo;information soit conforme aux droits des tiers et soit d\u00e9pourvue de caract\u00e8re violent, diffamatoire, injurieux, raciste, et\/ou susceptible de porter atteinte aux bonnes m\u0153urs ou \u00e0 l&rsquo;ordre public Ne pas d\u00e9tourner de sa fonction le syst\u00e8me d&rsquo;information, \u00e0 des fins personnelles, commerciales ou politiques, \u00e2 n&rsquo;utiliser le syst\u00e8me d&rsquo;information que dans le cadre de Ieur activit\u00e9 professionnelle.<\/li>\n<\/ul>\n\n\n\n<h2 class=\"wp-block-heading has-primary-color has-text-color has-link-color wp-elements-2af6a167123bcc87afe20b09ac355397\">Information sur les \u00e9l\u00e9ments collect\u00e9s<\/h2>\n\n\n\n<p>Vos donn\u00e9es personnelles ne peuvent \u00eatre enregistr\u00e9es dans I-Milo que dans la stricte mesure o\u00d9 Ieur exploitation est n\u00e9cessaire pour la mise en place des mesures relevant des attributions de la Mission Locale.<\/p>\n\n\n\n<p>Certaines informations recueillies par le personnel ou les partenaires de la Mission Locale sont obligatoires car indispensables \u00e0 la mise en \u0153uvre de certains programmes ou dispositifs.<\/p>\n\n\n\n<h2 class=\"wp-block-heading has-primary-color has-text-color has-link-color wp-elements-48b20a535b3238ff825cea07810ce510\">Mise \u00e0 jour de vos donn\u00e9es personnelles<\/h2>\n\n\n\n<p>Durant votre accompagnement, vos donn\u00e9es personnelles pourront \u00eatre mises \u00e0 jour sur la base des informations que vous voudrez bien nous communiquer et sur la base d&rsquo;informations collect\u00e9es aupr\u00e8s des partenaires notamment ceux cit\u00e9s dans l&rsquo;arr\u00eat\u00e9 du 17 novembre 2021 (d\u00e9cret n\u00b02021-634 du 21 mai 2021).<\/p>\n\n\n\n<h2 class=\"wp-block-heading has-primary-color has-text-color has-link-color wp-elements-016b7b74fe18aa32bf88db1d4d1960ad\">A quelles fins collectons-nous vos donn\u00e9es personnelles ?<\/h2>\n\n\n\n<p>Ce traitement a pour finalit\u00e9 de permettre \u00e0 la Mission Locale du Pays de Morlaix de mettre en \u0153uvre des actions d&rsquo;insertion, de concertation et d&rsquo;\u00e9valuation, conform\u00e9ment aux missions qui lui sont d\u00e9volues.<\/p>\n\n\n\n<h2 class=\"wp-block-heading has-primary-color has-text-color has-link-color wp-elements-53c42e4c720df24952da335d151ba691\">Partage de vos donn\u00e9es<\/h2>\n\n\n\n<p>Dans certains cas, nous devons partager vos donn\u00e9es avec des partenaires.<\/p>\n\n\n\n<p>Ces donn\u00e9es \u00e0 caract\u00e8re personnel peuvent \u00eatre transmises aux services de l&rsquo;\u00c9tat, des collectivit\u00e9s territoriales ou \u00e0 d&rsquo;autres membres du Service Public de l&rsquo;Emploi, de l&rsquo;orientation ou de la formation professionnelle, \u00e0 des employeurs, \u00e0 des partenaires fran\u00e7ais ou \u00e9trangers, des prestataires de France Travail, aux organismes de formation, aux organismes de protection sociale, dans la stricte limite des informations dont ils ont \u00e0 conna\u00eetre au regard de Ieurs missions. Ces donn\u00e9es sont \u00e9galement communiqu\u00e9es \u00e0 des organismes de protection sociale.<\/p>\n\n\n\n<h2 class=\"wp-block-heading has-primary-color has-text-color has-link-color wp-elements-21785e1323efc77b8b6be872bd481228\">Acc\u00e8s \u00e0 vos donn\u00e9es<\/h2>\n\n\n\n<p>Nous vous informons que certains organismes publics tels que les auxiliaires de justice, les officiers minist\u00e9riels sont habilit\u00e9s \u00e0 acc\u00e9der \u00e0 vos donn\u00e9es \u00e0 caract\u00e8re personnel notamment dans les cas suivants :<\/p>\n\n\n\n<p>. Afin de r\u00e9pondre aux citations \u00e0 compara\u00eetre, ordonnances de tribunal ou une autre proc\u00e9dure judiciaire<\/p>\n\n\n\n<p>. En r\u00e9ponse \u00e0 une demande de coop\u00e9ration de la police ou un autre organisme gouvernemental, en cas d&rsquo;enqu\u00eate, les informations sont transmises dans les strictes limites de ce qu&rsquo;autorise la Ioi.<\/p>\n\n\n\n<h2 class=\"wp-block-heading has-primary-color has-text-color has-link-color wp-elements-7bd430666fc9823bdb659c49d93708de\">Confidentialit\u00e9 des informations personnelles des mineurs<\/h2>\n\n\n\n<p>Dans le cadre de notre accompagnement, nous pouvons \u00eatre amen\u00e9s \u00e0 vous suivre d\u00e8s l&rsquo;\u00e2ge de vos 16 ans. Dans ce cas, vous pouvez donner votre propre consentement au traitement de vos donn\u00e9es \u00e0 caract\u00e8re personnel sans autorisation du titulaire de la responsabilit\u00e9 parentale. Celles-ci seront trait\u00e9es conform\u00e9ment \u00e0 la pr\u00e9sente politique de Gestion des Donn\u00e9es Personnelles.<\/p>\n\n\n\n<h2 class=\"wp-block-heading has-primary-color has-text-color has-link-color wp-elements-40dfd814721c9842ceba1a274fdaf231\">Informations personnelles sensibles<\/h2>\n\n\n\n<p>Lors des entretiens individuels, il peut arriver que vous nous communiquiez des informations personnelles dites sensibles : vos id\u00e9aux politiques, vos croyances religieuses, votre orientation sexuelle, votre vie sexuelle, votre comportement. Ces renseignements n&rsquo;\u00e9tant pas utiles \u00e0 votre insertion socio-professionnelle, ils ne sont pas saisis dans notre applicatif et resteront confidentiels. Ils ne g\u00e9n\u00e8reront aucun traitement de donn\u00e9es.<\/p>\n\n\n\n<p>Les renseignements \u00e2 propos de votre \u00e9tat de sant\u00e9, ne seront pr\u00e9cis\u00e9ment mentionn\u00e9s dans I-Milo. Il pourra \u00eatre fait r\u00e9f\u00e9rence sous le terme g\u00e9n\u00e9rique \u00e0 \u00ab probl\u00e8me de sant\u00e9 \u00bb si votre \u00e9tat de sant\u00e9 est incompatible avec une ou des propositions faites en mati\u00e8re d&rsquo;insertion. Ils ne g\u00e9n\u00e8reront aucun traitement de donn\u00e9es.<\/p>\n\n\n\n<p>Votre casier judiciaire pourra vous \u00eatre demand\u00e9 uniquement s&rsquo;il est n\u00e9cessaire de le fournir en lien avec certains m\u00e9tiers. En tout \u00e9tat de cause, il n&rsquo;en sera pas fait r\u00e9f\u00e9rence dans I-Milo.<\/p>\n","protected":false},"excerpt":{"rendered":"<p>La Mission Locale du Pays de Morlaix accorde une grande importance \u00e0 la protection des donn\u00e9es personnelles et s&rsquo;engage \u00e0 ce que la collecte et le traitement de vos donn\u00e9es soient conformes au r\u00e8glement g\u00e9n\u00e9ral sur la protection des donn\u00e9es (RGPD) et \u00e0 la loi Informatique et Libert\u00e9s. Conform\u00e9ment \u00e0 la l\u00e9gislation RGPD, vous disposez<a class=\"more-link\" href=\"https:\/\/www.mission-locale-morlaix.fr\/index.php\/mentions-legales\/protection-des-donnees-personnelles\/\">Lire la suite <span class=\"screen-reader-text\">\u00ab\u00a0Protection des Donn\u00e9es Personnelles\u00a0\u00bb<\/span><\/a><\/p>\n","protected":false},"author":1,"featured_media":0,"parent":3017,"menu_order":0,"comment_status":"closed","ping_status":"closed","template":"","meta":{"footnotes":""},"class_list":["post-3773","page","type-page","status-publish","hentry","entry"],"_links":{"self":[{"href":"https:\/\/www.mission-locale-morlaix.fr\/index.php\/wp-json\/wp\/v2\/pages\/3773","targetHints":{"allow":["GET"]}}],"collection":[{"href":"https:\/\/www.mission-locale-morlaix.fr\/index.php\/wp-json\/wp\/v2\/pages"}],"about":[{"href":"https:\/\/www.mission-locale-morlaix.fr\/index.php\/wp-json\/wp\/v2\/types\/page"}],"author":[{"embeddable":true,"href":"https:\/\/www.mission-locale-morlaix.fr\/index.php\/wp-json\/wp\/v2\/users\/1"}],"replies":[{"embeddable":true,"href":"https:\/\/www.mission-locale-morlaix.fr\/index.php\/wp-json\/wp\/v2\/comments?post=3773"}],"version-history":[{"count":5,"href":"https:\/\/www.mission-locale-morlaix.fr\/index.php\/wp-json\/wp\/v2\/pages\/3773\/revisions"}],"predecessor-version":[{"id":3781,"href":"https:\/\/www.mission-locale-morlaix.fr\/index.php\/wp-json\/wp\/v2\/pages\/3773\/revisions\/3781"}],"up":[{"embeddable":true,"href":"https:\/\/www.mission-locale-morlaix.fr\/index.php\/wp-json\/wp\/v2\/pages\/3017"}],"wp:attachment":[{"href":"https:\/\/www.mission-locale-morlaix.fr\/index.php\/wp-json\/wp\/v2\/media?parent=3773"}],"curies":[{"name":"wp","href":"https:\/\/api.w.org\/{rel}","templated":true}]}}